 of 1045529201?
0
What is the units digit of 871357148?
8
What is the ten thousands digit of 278340921?
4
What is the millions digit of 305360193?
5
What is the units digit of 130599738?
8
What is the ten millions digit of 37110261?
3
What is the tens digit of 3817499353?
5
What is the hundred thousands digit of 22982097?
9
What is the millions digit of 331337235?
1
What is the hundred thousands digit of 18514884?
5
What is the millions digit of 968116212?
8
What is the hundred millions digit of 1143560479?
1
What is the ten millions digit of 45806105?
4
What is the tens digit of 228190649?
4
What is the hundred millions digit of 2928368257?
9
What is the millions digit of 1359966218?
9
What is the tens digit of 23961401?
0
What is the ten millions digit of 1387112487?
8
What is the thousands digit of 177686435?
6
What is the hundred thousands digit of 753603014?
6
What is the tens digit of 173588830?
3
What is the millions digit of 84099422?
4
What is the tens digit of 59445929?
2
What is the ten millions digit of 11031952?
1
What is the tens digit of 31277988?
8
What is the thousands digit of 249986182?
6
What is the millions digit of 69175835?
9
What is the ten millions digit of 53745493?
5
What is the hundred thousands digit of 89549928?
5
What is the thousands digit of 2792926?
2
What is the units digit of 893443214?
4
What is the hundreds digit of 2415918032?
0
What is the ten thousands digit of 68570764?
7
What is the ten thousands digit of 153556713?
5
What is the hundreds digit of 148434379?
3
What is the billions digit of 2694654433?
2
What is the hundred millions digit of 2607449261?
6
What is the hundred thousands digit of 410020197?
0
What is the hundred thousands digit of 34721894?
7
What is the hundred thousands digit of 34227212?
2
What is the units digit of 39576979?
9
What is the millions digit of 1202555644?
2
What is the ten millions digit of 11912973?
1
What is the thousands digit of 251718008?
8
What is the units digit of 179737069?
9
What is the hundred thousands digit of 4295568?
2
What is the ten thousands digit of 328096175?
9
What is the ten thousands digit of 388428261?
2
What is the tens digit of 64560423?
2
What is the tens digit of 20229612?
1
What is the hundred millions digit of 695274103?
6
What is the millions digit of 2449074144?
9
What is the hundred millions digit of 207174240?
2
What is the tens digit of 1903779?
7
What is the hundreds digit of 5528649?
6
What is the hundreds digit of 1870787721?
7
What is the ten thousands digit of 113701589?
0
What is the thousands digit of 268620892?
0
What is the thousands digit of 1621496139?
6
What is the tens digit of 420585456?
5
What is the hundred thousands digit of 2220779182?
7
What is the tens digit of 346978315?
1
What is the units digit of 154698453?
3
What is the units digit of 197350004?
4
What is the billions digit of 1119869576?
1
What is the millions digit of 309818312?
9
What is the tens digit of 145331597?
9
What is the units digit of 103049266?
6
What is the thousands digit of 18440354?
0
What is the hundred thousands digit of 2904407401?
4
What is the billions digit of 2494462671?
2
What is the millions digit of 7800121756?
0
What is the ten millions digit of 45925345?
4
What is the tens digit of 1120214044?
4
What is the ten thousands digit of 219709428?
0
What is the ten thousands digit of 96474230?
7
What is the ten millions digit of 2658596977?
5
What is the hundreds digit of 85093259?
2
What is the millions digit of 338337908?
8
What is the thousands digit of 820441785?
1
What is the units digit of 174972784?
4
What is the millions digit of 2257981108?
7
What is the hundred millions digit of 1193059481?
1
What is the tens digit of 205127?
2
What is the millions digit of 557503892?
7
What is the millions digit of 966766611?
6
What is the ten millions digit of 59414923?
5
What is the thousands digit of 2150476213?
6
What is the units digit of 1554502550?
0
What is the hundred thousands digit of 898489764?
4
What is the hundred thousands digit of 69311221?
3
What is the millions digit of 158494021?
8
What is the units digit of 59208989?
9
What is the hundreds digit of 240208816?
8
What is the ten thousands digit of 79161310?
6
What is the units digit of 15326714?
4
What is the tens digit of 1341916138?
3
What is the hundreds digit of 256403331?
3
What is the hundreds digit of 151110266?
2
What is the ten millions digit of 520508689?
2
What is the hundred thousands digit of 36991118?
9
What is the hundred millions digit of 442627004?
4
What is the millions digit of 1461035278?
1
What is the tens digit of 7366147986?
8
What is the ten millions digit of 78574068?
7
What is the ten millions digit of 49753295?
4
What is the units digit of 3519323164?
4
What is the tens digit of 37188584?
8
What is the units digit of 2229365143?
3
What is the hundred thousands digit of 313159986?
1
What is the billions digit of 4452454096?
4
What is the millions digit of 443810983?
3
What is the hundred millions digit of 439239744?
4
What is the millions digit of 600072552?
0
What is the ten thousands digit of 1150583276?
8
What is the tens digit of 6660217484?
8
What is the units digit of 54728974?
4
What is the ten thousands digit of 175556538?
5
What is the ten millions digit of 365562374?
6
What is the tens digit of 49427979?
7
What is the millions digit of 11486626?
1
What is the ten millions digit of 5125066440?
2
What is the hundreds digit of 6509302528?
5
What is the thousands digit of 1729959127?
9
What is the thousands digit of 208957884?
7
What is the hundred millions digit of 2284349202?
2
What is the ten thousands digit of 7031547433?
4
What is the units digit of 45054253?
3
What is the ten millions digit of 208280122?
0
What is the tens digit of 24327776?
7
What is the ten millions digit of 182322391?
8
What is the hundreds digit of 218558861?
8
What is the hundreds digit of 424509325?
3
What is the thousands digit of 232474306?
4
What is the tens digit of 157909533?
3
What is the hundreds digit of 74995366?
3
What is the units digit of 464173345?
5
What is the units digit of 4107652224?
4
What is the tens digit of 258334207?
0
What is the hundreds digit of 106593610?
6
What is the thousands digit of 800786697?
6
What is the millions digit of 660306174?
0
What is the hundred millions digit of 117122967?
1
What is the millions digit of 412143139?
2
What is the thousands digit of 914939499?
9
What is the ten thousands digit of 53806728?
0
What is the hundred thousands digit of 34194662?
1
What is the ten thousands digit of 4897622284?
2
What is the hundred millions digit of 1897665439?
8
What is the tens digit of 1962404144?
4
What is the tens digit of 339532659?
5
What is the thousands digit of 484605719?
5
What is the millions digit of 345780449?
5
What is the hundreds digit of 39853401?
4
What is the ten millions digit of 72895666?
7
What is the millions digit of 773264975?
3
What is the units digit of 60901262?
2
What is the tens digit of 2933665635?
3
What is the ten millions digit of 1684132310?
8
What is the units digit of 474647559?
9
What is the tens digit of 301816494?
9
What is the hundred thousands digit of 6615479302?
4
What is the ten millions digit of 66537788?
6
What is the tens digit of 184649734?
3
What is the hundreds digit of 1164631089?
0
What is the ten millions digit of 43913104?
4
What is the thousands digit of 49902000?
2
What is the hundred millions digit of 1816659228?
8
What is the billions digit of 1099475434?
1
What is the tens digit of 480534440?
4
What is the tens digit of 56647654?
5
What is the hundred millions digit of 2228971683?
2
What is the millions digit of 29184922?
9
What is the tens digit of 119578347?
4
What is the units digit of 101252318?
8
What is the billions digit of 1272705756?
1
What is the hundreds digit of 134261486?
4
What is the thousands digit of 204338215?
8
What is the tens digit of 273379076?
7
What is the hundred millions digit of 515228387?
5
What is the units digit of 12495277?
7
What is the ten thousands digit of 9717926434?
2
What is the ten thousands digit of 341932741?
3
What is the hundreds digit of 111964202?
2
What is the hundred thousands digit of 30186898?
1
What is the thousands di